8*u + 2. Let t(y) = 4*y - 1. Let b(i) = -6*k(i) - 13*t(i). Give b(-1).
5
Let d = 20 - 19. Let m(o) = -6*o**2 + 2*o - 1. Give m(d).
-5
Let d(j) = j**2 + 6*j + 6. Suppose 2 = -w + 2*o - 3*o, -w - 4*o = -10. Let r be d(w). Let p = -8 + r. Let y(k) = 3*k. What is y(p)?
-6
Let d(s) = s**3 - 4*s**2 - 7*s - 1. Suppose 0 = y + 4*y - 45. Let w be 10/(-3)*y/(-6). What is d(w)?
-11
Let q(f) = -f**2 + 5*f + 5. Let y be q(5). Let w = y - 0. Let a(j) = j**2 + 2*j + 3. Let n(r) = -2*r**2 - 3*r - 6. Let k(d) = -11*a(d) - 6*n(d). What is k(w)?
8
Let w(o) = -o + 3 + 0 + 0*o. Let k be 3/5 + (-128)/(-20). Suppose k*s = 6*s + 4. Give w(s).
-1
Let l(m) = m**3 + m**2 - m. Let x(q) = 7*q**3 + 12*q**2 - 11*q + 9. Let y(i) = 6*l(i) - x(i). What is y(-7)?
5
Let i = -28 + 33. Let o(n) = -3*n**3 + 0*n - 7 + 3*n**3 + i*n**2 - n**3 + 6*n. Determine o(6).
-7
Let s = -20 - -12. Let y(u) = u + 11. What is y(s)?
3
Let m(c) = -13*c**3 + 2*c**2 - 1. Let g(a) = -2*a**3 - 23*a**2 + 12*a - 1. Let w be g(-12). What is m(w)?
14
Let t(n) = -4*n + 3. Let f(s) = 4*s + 9. Let r be f(-3). Calculate t(r).
15
Let n(p) be the third derivative of p**6/120 + p**5/10 + 7*p**4/24 + p**3 + p**2. Suppose -6 = 5*w - 41. Suppose 2*u - w*u = 25. Give n(u).
-4
Let f(t) = t + 2. Suppose -2*u = -6*u - 32. Give f(u).
-6
Suppose -2*f + 0 - 12 = -2*q, -f + 24 = 5*q. Let i = q - 6. Let x be 0/(-2) + 1*i. Let z(o) = 7*o**3 - o. Give z(x).
-6
Let c(g) = -2*g**2 - 4*g + 6. Let n(l) = -l + 1. Let h(x) = c(x) - 5*n(x). Let p = -8 - -9. Let y be 1/(p + -2) - 0. Give h(y).
-2
Let c = 86 + -82. Let r(y) be the first derivative of -12*y - c - 1/2*y**2 - 1/3*y**3. Determine r(0).
-12
Let z = 23 + -18. Let w(r) = r**2 - 3*r - 2. Determine w(z).
8
Let u(k) = -3*k - 7. Let z = -4 + 1. Let i(q) = -q**2 + 14*q - 14. Let w be i(12). Let n be w/6*9/z. Give u(n).
8
Let m be ((-6)/1)/(3/2). Let g(q) = 4*q + 2. Let t(i) = -2*i - 1. Let s(y) = m*g(y) - 9*t(y). Calculate s(4).
9
Let k(n) = n + 7. Let m(w) = w + 3. Suppose 2*j - 5*s - 11 = -3, -j + 4*s = -4. Let i(f) = j*k(f) - 7*m(f). What is i(6)?
-11
Let q(r) be the third derivative of r**7/840 + r**6/360 + r**5/120 + 5*r**4/24 + r**3/2 - 3*r**2. Let k(u) be the first derivative of q(u). Give k(0).
5
Let i(q) = -5*q**2 - 2*q + 1. Let j(w) = -w**2 - 7*w + 1. Let r be j(-7). What is i(r)?
-6
Suppose 2*i = 2*y - i - 12, -4*y + 4*i = -20. Let h(w) be the second derivative of w - 1/2*w**2 - 1/6*w**y + 0. Give h(5).
-6
Suppose 0 = -4*t + 2*t - 8. Let c(i) = -i**3 - 3*i**2 + 3*i - 3. Calculate c(t).
1
Suppose -3*k + 2*w - 19 = 3, 0 = -3*k - w - 7. Let u = -6 + 10. Let b = u + k. Let l(r) = -r + 5. Calculate l(b).
5
Let c(d) = 9*d**3 + 10*d**2 - 19*d - 8. Let t(p) = -5*p**3 - 5*p**2 + 10*p + 4. Let i = 17 + -11. Let k(w) = i*c(w) + 11*t(w). Give k(4).
-4
Let i(f) = -f**3 + f**2 - f - 12. Let j = 24 + -8. Suppose 0 = 2*z + 5*t + 15, -1 + j = 2*z - 5*t. Suppose -w + 4*b = z, 4*w - b = -0*b. What is i(w)?
-12
Let j = 6 + -10. Let y(z) be the second derivative of -z**3/6 - z**2 + z. Determine y(j).
2
Let y = 56 - 54. Let z(x) = -x**3 + 3*x**2 + 2*x. Determine z(y).
8
Let y(c) = c**3 - 5*c**2 + c - 2. Suppose 3 = 5*d + 2*a - 0, -3*d + a - 7 = 0. Let h = 1 + -1. Let j be d/(-2)*h - -5. Give y(j).
3
Let a(m) = -14*m**3 + 5*m**2 - 15*m - 29. Let c(q) = 5*q**3 - 2*q**2 + 5*q + 10. Let i(f) = -6*a(f) - 17*c(f). Let g be 48/12 + 0 + 2 + -1. What is i(g)?
4
Let b(w) = w + 9. Let p(n) = n + 8. Let j(u) = -6*b(u) + 7*p(u). Let z(r) = r - 3. Let l be z(1). Determine j(l).
0
Let j(f) be the second derivative of -8*f - 3*f**2 + 0 - 1/3*f**3. Give j(-5).
4
Let g(a) be the first derivative of 0*a - 1/24*a**5 - 1/12*a**4 + 4 + 0*a**2 + 1/360*a**6 + a**3. Let i(f) be the third derivative of g(f). Calculate i(4).
-6
Let h(k) = 2*k**3 - 6*k**2 + k - 1. Let z(m) = -m**3 + 6*m**2. Let j(x) = -2*h(x) - 3*z(x). Calculate j(-5).
-13
Let y(k) = 7*k**2 + 4*k - 12. Let m(b) = -b**2 + 1. Let w(c) = 6*m(c) + y(c). Let a be 17 - (0 + 1) - 1. Let u be ((-24)/10 - -2)*a. Determine w(u).
6
Let b(r) = -3*r**2 - 2*r**3 + 6*r**3 - 3*r**3 - 5 - 4*r**2. What is b(7)?
-5
Let m be 8/2*(-3)/2. Let v(c) = c**3 + 5*c**2 - 6*c. Let k be v(m). Let q(h) be the second derivative of h**3/6 + 4*h**2 + 14*h. Give q(k).
8
Let t be 1 - (-1)/(-4 - -5). Suppose -t*w + 4*w = 10. Let l(q) = -q**3. Let g(j) = 5*j**3 - 4*j**2 - 3*j - 5. Let d(u) = g(u) + 4*l(u). Give d(w).
5
Let m(z) = -2 - 7*z + 19*z - 3*z - 10*z. Give m(4).
-6
Let l be 2 + (-6)/3 - -2. Suppose -l*v = v + 9. Let u(g) = -g**2 - 4*g - 4. Calculate u(v).
-1
Suppose -3*x = 3, -4*k + 0*x = -x + 11. Let m(q) = -4*q + 8. Let a(h) = h - 1. Let c(t) = k*a(t) - m(t). Suppose j + 4 = 9. Give c(j).
0
Let d(y) be the third derivative of y**6/120 - y**5/20 - y**4/24 + 17*y**2. Give d(4).
12
Let n be ((-36)/(-8))/9*4*-1. Let u(i) = 4*i**2 + 2*i - 1. Calculate u(n).
11
Let x = -1 + -2. Let y be (20/(-15))/(1/x). Let m(b) = b**2 - b - 3. Calculate m(y).
9
Let v(j) = 3*j. Let n be v(1). Suppose a - 6 = -n. Let o(h) = 0*h - 2*h - 1 + h. Calculate o(a).
-4
Let c(n) be the second derivative of 2*n**3/3 - 9*n. Determine c(-1).
-4
Let c = 11 + -9. Suppose 11 = -c*u + 1. Let d(w) = -2*w - 3. Give d(u).
7
Let f(r) = -r + 1. Let b(c) = -4*c - 9. Let h(l) = -b(l) + 3*f(l). Suppose 5*v + 6 - 41 = 5*i, -29 = -5*v + 3*i. Let q = v - 9. What is h(q)?
7
Let h(n) be the third derivative of 5/24*n**4 + n**2 + 1/6*n**3 + 0 + 0*n. Give h(-2).
-9
Let c = 74 - 26. Let r(n) = c + 3*n - 90 + 46 - n**2. What is r(5)?
-6
Let g(p) = p + 2. Let q = -1 - 5. Let j be g(q). Let o(s) = -5*s**2 - 8*s + 6. Let n(m) = 9*m**2 + 15*m - 11. Let a(c) = 4*n(c) + 7*o(c). Give a(j).
-2
Let f(n) = n**3 + 8*n**2 + 2*n - 1. Let x(h) = 5*h**3 + 41*h**2 + 11*h - 4. Let p(o) = 11*f(o) - 2*x(o). Give p(-6).
-3
Let k(g) be the third derivative of g**8/20160 + g**6/720 - g**5/30 - g**2. Let o(a) be the third derivative of k(a). Give o(-2).
5
Let u(p) = 48 + 4*p - 41 + p - 2*p. Give u(-6).
-11
Let r be -3 + 2/1 + 2. Suppose 3 = 2*k - 5. Let l(v) = k - 2 - 1 - 3*v**2. What is l(r)?
-2
Let i(u) = 3*u**2 - 2*u + 4*u - 2 - u**3 + 4. What is i(4)?
-6
Let j(t) = -t**2 - t + 1. Let n(f) be the third derivative of -f**5/60 - f**4/4 - f**3/2 + f**2. Let d be 16/(-12)*18/4. Let o be n(d). Give j(o).
-5
Let z(p) be the first derivative of -p**2/2 + 9*p - 1. Let t be z(0). Let y(d) = -d - 8 + 0 + t. What is y(5)?
-4
Let f(h) = h**3 - 3*h**2 + h - 1. Let n(l) = -2*l**3 + 5*l**2 - l + 3. Let x(z) = 13*f(z) + 6*n(z). Let b be x(8). Let v(i) = -i - 5. Give v(b).
-2
Let k(g) = -20*g - 9 + 9*g + 4*g + 4*g. Give k(-6).
9
Let b(i) be the third derivative of -4*i**2 + 0*i + 1/12*i**4 + 0 - 1/2*i**3. What is b(6)?
9
Let q(a) = 14*a - 18. Let g(w) be the third derivative of 5*w**4/24 - w**3 - 2*w**2. Let b(z) = -17*g(z) + 6*q(z). Determine b(-3).
-3
Let m(y) = -7*y + 1 + 1 + 7*y + y**2 - 2*y. Give m(2).
2
Let p(n) be the third derivative of -n**5/60 - n**4/4 + 2*n**3/3 - 12*n**2. Determine p(-6).
4
Let i(q) = q**2 - 2. Let x be i(-2). Let g(u) = 1 + 3*u - u**3 - 1 - 2. What is g(x)?
-4
Let o(p) = -2*p**3 - 48 + p**2 + 52 + 3*p**3 - 4*p. Give o(3).
28
Let d = -10 - -5. Let k(q) = -q**2 + 5*q - 1. Let u be k(4). Let p(y) = -u*y - 4*y**2 + y**3 + 8 - 14 + 9*y**2. Determine p(d).
9
Let m(x) be the second derivative of -x**3/2 + 7*x**2/2 + 7*x. Determine m(6).
-11
Let d(c) = 0*c**2 + c + 3 + c**2 + 2*c - 6*c. Let p(m) = m**2 - 3*m + 4. Let o(x) = -3*d(x) + 2*p(x). Calculate o(4).
-5
Let g(i) = i**2 - i - 2. Suppose -v = 3*v. Let m be g(v). Let x be (m/4)/(3/24). Let p(l) = 3*l + 6. Calculate p(x).
-6
Let z = 2 - 2. Let y = 1 - z. Let c(v) = -v - 1. Calculate c(y).
-2
Let c(v) = -v**2 - 3*v - 4. Let r(k) = -3*k**2 - 8*k - 13. Let a(x) = 7*c(x) - 2*r(x). Let s be -1*1*(1 - (-2 - 1)). Determine a(s).
2
Suppose 0 = -5*t + 97 + 18. Let i(y) = -t*y**2 + 13*y**2 + 9*y**2 - 3*y - 1. Calculate i(-3).
-1
Let s(m) = -m**2 - 1. Let w(k) = 2*k**2 - 6*k - 2. Let a(f) = -s(f) - w(f). Let l be ((-12)/3)/(-2) + 2. Calculate a(l).
11
Let u(k) = 2*k + 8. Let s = 13 + -19. What is u(s)?
-4
Let u(m) = 2 - 2*m + 0 + m. Let z be 2/(-4)*(0 - 2). Let p = 1 + z. Give u(p).
0
Let n = 1/44 - -5/22. Let h(s) be the first derivative of 2*s**2 + n*s**4 - 3*s - 2/3*s**3 - 3. Calculate h(2).
5
Suppos